{"id":23,"date":"2021-02-06T18:12:10","date_gmt":"2021-02-06T18:12:10","guid":{"rendered":"http:\/\/bogojciec.zolkielce.pl\/?page_id=23"},"modified":"2021-02-06T18:14:43","modified_gmt":"2021-02-06T18:14:43","slug":"la-storia","status":"publish","type":"page","link":"https:\/\/bogojciec.zolkielce.pl\/?page_id=23","title":{"rendered":"La storia"},"content":{"rendered":"\n<p>STORIA DEL QUADRO DI DIO PADRE<\/p>\n\n\n\n<p>STRAORDINARIAMENTE RITROVATO A PAWO\u0141OCZ, IN UCRAINA<\/p>\n\n\n\n<p>Sin dall&#8217;inizio faccio riserva, che tutto quello che sto descrivendo non \u00e8 una qualche invenzione, ma un fatto vero. Non aggiungo niente, ma scrivo soltanto quello che numerose volte ho sentito da miei Genitori, gi\u00e0 defunti. Nell&#8217;anno 1860 i miei genitori vennero ad abitare a Pawo\u0142ocz in Ucraina, nella terra di Kiev, nel cantone di Skwir, in una cittadina nota per numerosi attacchi dei tartari e contadini in rivolta (cosacchi). Poco dopo mio padre buon&#8217;anima fece un sogno strano: gli apparve un vecchietto e gli chiedeva con insistenza di pagare il riscatto per comprarlo da un Ebreo.<\/p>\n\n\n\n<p>La mattina mio padre raccont\u00f2 quel sogno a mia madre, ma non vi ha dato nessuna importanza. La notte seguente, lo stesso Vecchietto apparve di nuovo nel sogno a mio padre con la stessa richiesta. Mio padre di nuovo lo raccont\u00f2 a mia madre, e mia madre disse: &#8222;ma non sai per\u00f2 da quale Ebreo&#8221;. Lo stesso sogno si ripete anche la terza notte, e mio padre, nel sogno chiede al Vecchietto da quale Ebreo deve comprarlo.<\/p>\n\n\n\n<p>Qui il Vecchietto disse il cognome dell&#8217;Ebreo, aggiungendo che stava in cantina, dietro le botti, con la famiglia. Mio padre si svegli\u00f2, racconta tutto a mia madre ricordando il cognome dell&#8217;Ebreo e la mattina manda uno dei domestici in citt\u00e0 per far arrivare qualche Ebreo anziano che conoscesse tutti gli abitanti di Pawo\u0142ocz. Quando questo venne, mio padre gli chiede se in citt\u00e0 c&#8217;era un Ebreo che porti un tale cognome (il cognome non me lo ricordo).<\/p>\n\n\n\n<p>Lui risponde di si. E che mestiere fa? Ha un negozietto. E non ha per caso le cantine? (cos\u00ec veniva chiamata una mescita di vodka, e le botti con la vodka abitualmente stavano nelle cantine. Pawo\u0142ocz, in quanto una vecchia cittadina della zona di confine orientale della Polonia era piena di cantine scavate fino a tre piani sotto terra, nelle quali si nascondevano gli abitanti durante gli attacchi dei tartari o dei cosacchi). L&#8217;Ebreo racconta che gi\u00e0 il nonno di quell&#8217;altro Ebreo aveva le cantine.<\/p>\n\n\n\n<p>Questo fece riflettere mio padre, e allora subito and\u00f2 da quell&#8217;Ebreo essendosi assicurato che porta questo cognome, che gli dette il Vecchietto, e chiese che cosa si trovava in quella cantine che apparteneva ancora a suo nonno. E questo risponde che vi sono delle vecchie botti. Mio padre prese quindi un paio di uomini e and\u00f2 in cantina, scese fino al secondo piano e facendo luce vide delle vecchie botti tutte rotte. Quando ordin\u00f2 di toglierle, mio padre ha visto sotto il muro qualche oggetto rettangolare, come se fosse un pezzo di una tavola larghissima. Mio padre lo prese nelle mani e vide che quell&#8217;oggetto era tutto coperto di uno strato di muffa spesso come un dito. Inizi\u00f2 a pulirlo e vide che era il quadro di Dio Padre. C&#8217;era anche un&#8217;altro quadro \u2013 del Signore Ges\u00f9 nell&#8217;orto degli Ulivi, ed il terzo, della Madonna col Ges\u00f9 Bambino. Mio padre prese questi quadri e chiede all&#8217;Ebreo quanto deve pagare per queste cose. L&#8217;Ebreo, stupito e spaventato per il fatto che mio padre sa di questi quadri, mentre non ne sapeva nulla n\u00e9 lui n\u00e9 suo padre, disse: non voglio nulla, se lo prenda, signore. E mio Padre dice che deve pagare per forza, e non mi ricordo la somma che mio padre diceva che avrebbe pagato, o un ducato per ogni quadro, o un ducato per tutti e tre, ma so che nel conteggio si parlava dei ducati. Mio padre si port\u00f2 questi quadri a casa, evvidentemente, li ha puliti e li ha appesi in casa ed erano molto venerati dai miei genitrori. Cos\u00ec come disse quel Vecchietto, che sta in cantita da un tale Ebreo, dietro le botti, con la famiglia \u2013 era tutto vero.<\/p>\n\n\n\n<p>Qualche anno pi\u00f9 tardi, avendo felicemente sopravvissuto l&#8217;insurrezione (di gennaio, 1863) mio padr\u00e8 part\u00ec do Pawo\u0142ocz e si installo a Stepek, sempre in Ucraina, nella stessa zona. Negli anni 1880-1882, non mi ricordo precisamente (all&#8217;epoca avevo 3-4 anni), mio padre si ammal\u00f2 gravemente, era mezzo paralizzato. I medici: dottor Czengery di Chodorkow e dottor Naskrecki da Zytomierz ogni giorno venivano a visitare mio padre e non trovavano nessun aiuto, e non davano alcuna speranza che potesse mantenersi in vita, poich\u00e9 da quasi due settimane non parlava e non risciva a mangiare niente.<\/p>\n\n\n\n<p>Un giorno, quando non c&#8217;era pi\u00f9 nessuna speranza che potesse sopravvivere ancora fino all&#8217;indomani, mia madre che stava sempre seduta accanto a mio padre, tutta in lacrime, si allontan\u00f2 per un attimo. Al ritorno si accorse subito che mio padre la sta guardando, mentre teneva sempre gli occhi chiusi e non diceva una parola. Un&#8217;attimo dopo mio padre chiede: &#8222;Malvina, chi \u00e8 stato qui?&#8221;. Mia madre, stupefatta, che mio padre \u00e8 tornato in se e sta parlando, risponde che non era ventuo nessuno. Mio padre dice: &#8222;Stava seduto qui, con lui ho parlato, lo sai bene anche tu. Lui viene talmente spesso a casa nostra, non riesco a ricordarmi come si chiama, vai a chiedere ai domestici chi era venuto&#8221;. Mia madre chiede ai domestici, ma questi dicono che non era venuto nessuno. Passato un momento mio padre dice: &#8222;Malvina, dammi da mangiare. Voglio mangiare&#8221;. Mia madre si era presa di paura per tutto questo, perch\u00e9 vedeva un miracolo vero e proprio.<\/p>\n\n\n\n<p>Quest&#8217;uomo stava gi\u00e0 agonizzando e di colpo parla ragionevolmente e chiede di mangiare. L&#8217;indomani i medici che &#8211; come al solito \u2013 sono venuti a trovarlo, vedendo un tale cambiamento dissero che forse era un miracolo, perch\u00e9 quest&#8217;uomo poteva anche morire prima dell&#8217;alba. Tre giorni dopo mio padre dice alla madre: &#8222;Malvina, aiutami ad alzarmi&#8221;. Mia madre lo aiut\u00f2 e mio padre, poggiandosi sulla sedia, perch\u00e9 le gambe per ben due settimane erano completamente paralizzate e inerti, inizi\u00f2 pian piano a spostarsi lungo la stanza (devo aggiungere che mio padre dal momento in cui avvenne il miglioremente era sempre pensieroso e non diceva nulla, disse soltanto che parlava con colui che cos\u00ec spesso viene da loro, ma non si ricorda il cognome).<\/p>\n\n\n\n<p>Mentre si spostava in questo modo, con l&#8217;aiuto di mia madre, mio padre si trov\u00f2 sulla soglia dell&#8217;altra stanza, di colpo lascia la sedia e cade sulle ginocchia. Mia madre vuole sollevarlo, ma mio padre risponde: &#8222;Non ce n&#8217;\u00e8 bisogno, Malvina, \u00e8 questo il Vecchietto con cui ho parlato \u2013 e mostr\u00f2 il quadro di Dio Padre, che era appeso di fronte alla porta. Soltanto dopo disse che era venuto quel Vecchietto che lui conosceva e disse: &#8222;Antonio, sono venuto a prenderti&#8221;. Mio padre cap\u00eci che era un qualcuno che aveva diritto di parlare in questo modo, quindi pensava, poich\u00e9 non poteva parlare. Lo pregava di lasciarlo ancora perch\u00e9 aveva dei bambini piccoli (e noi eravamo un bel gruppetto). Allora il Vecchietto, poggiandosi sulla canna scolpita risponde: &#8222;Siccome tu Mi hai riscattato, adesso me ne vado, torner\u00f2 un&#8217;altra volta&#8221;. Era un vero miracolo. Il quadro di Dio Padre, da quel momento viene considerato nella nostra famiglia come miracoloso. Mio padro ha vissuto ancora per pi\u00f9 di 20 anni, era arrivato a 77 anni di vita e nell&#8217;anno 1905 \u00e8 morto tranquillamente, in pace. Se ha visto ancora quel Vecchietto prima di morire \u2013 non si sa.<\/p>\n\n\n\n<p>Dopo la morte del padre ricevetti il quadro da mio fratello, sacerdote, in quanto destinato a me da mio padre buon anima e non lo lasciavo mai. Nel 1920, quando dovevamo fuggire sull&#8217;altra sponda del fiume Zbnicz, abitavo insieme a mio fratello, parroco di War\u0119\u017c, nel cantone di Sokal, voivodato di Lwow. Anche lui fu costretto a fuggire da Tarnonida a Podole, cittadina nota per il suo quadro miracoloso di Ges\u00f9 di Tarnoruda, dove prima era parroco. Un bel giorno viene da noi la signora Edige Hulimkowa, che abitava vicino alla chiesa di War\u0119\u017c, si rivolge a mio fratello sacerdote e dice: &#8222;Reverendo Padre, ho ricevuto un telegramma che mia madre \u00e8 molto malata, La prego di celebrare la Santa Messa davanti al quadro di Dio Padre nella sua intenzione&#8221;. Mio fratello ha subito preso il quadro nella chiesa e celebr\u00f2 la Messa davanti a quel quadro, e qualche giorno pi\u00f9 tardi arriva la signora Hulimkowa, felicissima, e dice che lo stesso giorno che c&#8217;era la Santa Messa c&#8217;\u00e8 stato un miglioramento e la madre si \u00e8 gi\u00e0 quasi totalmente ripresa.<\/p>\n\n\n\n<p>Un&#8217;altro esempio. Un giorno arriva il signor Kruszewski di Chorobrow e dice: &#8222;Reverendo Padre, La prego di celebrare davanti al quadro di Dio Padre la Santa Messa nell&#8217;intenzione di signora Kruszewska, molto malata&#8221;. Mio fratello subito ha celebrato la Messa per la Signore Kruszewska, e qualche giorno dopo sono venuti ambi gli sposi Kruszewski, chiedendo una Messa di ringraziamento davanti a questo quadro. Molti amici di famiglia conoscevano la storia di questo quadro e lo circondavano di grande venerazione. Ma non \u00e8 ancora tutto. Ogni volta che nella nostra famiglia c&#8217;era qualche malattia o qualche altra tribolazione, la preghiera portata davanti a questo quadro \u00e8 sempre stata esaudita. Molte volte sono stato malato nella mia vita, ho subito otto operazioni sotto anestesia (cloroformio), ed i professori dubitavano che io potessi sopravvivere. Che io ne sia uscito vivo, e che io sia vivo e che io possa camminare \u2013 perch\u00e9 c&#8217;era anche il rischio che io rimanessi paralizzato \u2013 devo tutto questo alle preghiere di mio fratello, sacerdote, portate durante la Santa Messa davanti all&#8217;immagine di Dio Padre.<\/p>\n\n\n\n<p>L&#8217;altro quadro che \u00e8 stato ritrovato: Ges\u00f9 nell&#8217;orto degli Ulivi, un dipinto bellissimo, mio padre lo regal\u00f2 a mio fratello pi\u00f9 grande, e questo \u00e8 stato lasciato da mia cognata, a Ploskirow, a Podole, quando fuggiva dai bolscevichi. Il terzo quadro, la Madonna con Ges\u00f9 Bambino, \u00e8 stato lasciato a Tarnoruda, in chiesa, da buon&#8217;anima di mio fratello, parroco, costretto di fuggire nel 1920. Ancora una volta sto confermando che tutto quello che ho descritto non \u00e8 una fantasticheria, ma verit\u00e0 e che tutto ci\u00f2 mi \u00e8 stato molte volte detto dai miei genitori, e le altre cose le ho vissute e viste personalmente io stesso, e posso anche giurarlo solennemente.<\/p>\n\n\n\n<p>\/-\/ Anastazy Rogowski<\/p>\n\n\n\n<p>Kielce 1959<\/p>\n","protected":false},"excerpt":{"rendered":"<p>STORIA DEL QUADRO DI DIO PADRE STRAORDINARIAMENTE RITROVATO A PAWO\u0141OCZ, IN UCRAINA Sin dall&#8217;inizio faccio riserva, che tutto quello che sto descrivendo non \u00e8 una qualche invenzione, ma un fatto vero. Non aggiungo niente, ma scrivo soltanto quello che numerose volte ho sentito da miei Genitori, gi\u00e0 defunti. Nell&#8217;anno 1860 i miei genitori vennero ad [&hellip;]<\/p>\n","protected":false},"author":1,"featured_media":0,"parent":0,"menu_order":0,"comment_status":"closed","ping_status":"closed","template":"","meta":{"footnotes":""},"class_list":["post-23","page","type-page","status-publish","hentry"],"lang":"it","translations":{"it":23,"pl":16,"de":11,"en":21},"pll_sync_post":[],"_links":{"self":[{"href":"https:\/\/bogojciec.zolkielce.pl\/index.php?rest_route=\/wp\/v2\/pages\/23","targetHints":{"allow":["GET"]}}],"collection":[{"href":"https:\/\/bogojciec.zolkielce.pl\/index.php?rest_route=\/wp\/v2\/pages"}],"about":[{"href":"https:\/\/bogojciec.zolkielce.pl\/index.php?rest_route=\/wp\/v2\/types\/page"}],"author":[{"embeddable":true,"href":"https:\/\/bogojciec.zolkielce.pl\/index.php?rest_route=\/wp\/v2\/users\/1"}],"replies":[{"embeddable":true,"href":"https:\/\/bogojciec.zolkielce.pl\/index.php?rest_route=%2Fwp%2Fv2%2Fcomments&post=23"}],"version-history":[{"count":2,"href":"https:\/\/bogojciec.zolkielce.pl\/index.php?rest_route=\/wp\/v2\/pages\/23\/revisions"}],"predecessor-version":[{"id":26,"href":"https:\/\/bogojciec.zolkielce.pl\/index.php?rest_route=\/wp\/v2\/pages\/23\/revisions\/26"}],"wp:attachment":[{"href":"https:\/\/bogojciec.zolkielce.pl\/index.php?rest_route=%2Fwp%2Fv2%2Fmedia&parent=23"}],"curies":[{"name":"wp","href":"https:\/\/api.w.org\/{rel}","templated":true}]}}